3).
-1
Let p(t) = 3*t + 20. Give p(-5).
5
Let b(i) = 62*i + 3. Determine b(-1).
-59
Let f(y) = -y - 27. Give f(-28).
1
Let m(v) = v**3 + 10*v**2 + 20*v - 11. What is m(-6)?
13
Let a(y) = 7*y - 1. Calculate a(1).
6
Let h(g) = -2*g - 22. Calculate h(-16).
10
Let k(n) = n**3 + 5*n**2 - 5*n - 2. Calculate k(-6).
-8
Let j(x) = x + 1. Give j(-2).
-1
Let c(s) = s - 13. Calculate c(-2).
-15
Let n(l) = -l - 13. What is n(-9)?
-4
Let g(y) = 9*y - 2. Determine g(2).
16
Let k(f) = -f**2 - 22*f + 45. What is k(-23)?
22
Let x(j) = 3*j + 13. What is x(-7)?
-8
Let k(y) = -y**2 - 23*y + 12. What is k(-21)?
54
Let p(f) = -f**3 + 16*f**2 - 64*f - 2. What is p(9)?
-11
Let p(t) = -25*t**2. Give p(-1).
-25
Let z(b) = -b**3 - 14*b**2 + 8*b - 8. What is z(-15)?
97
Let w(k) = 9*k + 68. What is w(-9)?
-13
Let y(u) = 5*u - 74. What is y(17)?
11
Let q(l) = 3*l**2 + 2*l - 1. What is q(-3)?
20
Let r(s) = -s**2 + 22*s - 122. Calculate r(11).
-1
Let q(c) = -c**3 - 8*c**2 + c + 3. Give q(-8).
-5
Let c(y) = -3*y**2 + 23*y - 14. Determine c(7).
0
Let n(k) = 2*k**2 - 64*k - 6. Determine n(32).
-6
Let s(k) = k**2 - 6*k + 1. What is s(9)?
28
Let w(a) = a**3 + a**2 + 7. Give w(0).
7
Let u(y) = 8*y**2 - 50*y + 11. What is u(6)?
-1
Let i(w) = w**2 + 8*w + 1. Determine i(-6).
-11
Let w(y) = 3*y + 3. Give w(2).
9
Let f(i) = -5*i + 28. Give f(8).
-12
Let n(w) = -6*w**2 + 4*w + 3. Determine n(-1).
-7
Let l(d) = 2*d**3 - 16*d**2 + 15*d - 3. Give l(7).
4
Let o(l) = -2*l**3 + 65*l**2 + 103*l - 34. Calculate o(34).
0
Let x(b) = -b**3 - 19*b**2 - 33*b - 262. Determine x(-18).
8
Let m(y) = y**3 + 15*y**2 - 17*y - 25. Calculate m(-16).
-9
Let k(a) = -a - 9. What is k(-5)?
-4
Let p(m) = m**3 + 21*m**2 - 20*m + 16. What is p(-22)?
-28
Let v(b) = b**2 - 9*b - 1. Give v(7).
-15
Let m(d) = -d + 14. Determine m(9).
5
Let r(w) = -w**2 + 24*w + 10. What is r(25)?
-15
Let o(r) = r**2 + 11*r - 8. Determine o(-11).
-8
Let s(k) = k**3 - 8*k**2 - 7*k - 13. Determine s(9).
5
Let f(b) = -b**2 + 11*b - 8. Give f(6).
22
Let l(y) = -2*y + 101. What is l(35)?
31
Let m(d) = -d**3 + 2*d**2 + 14*d - 11. Calculate m(5).
-16
Let p(n) = 18*n + 164. Determine p(-13).
-70
Let h(r) = 10*r**2 - 148*r - 18. Determine h(15).
12
Let j(l) = -2*l**2 + 10*l + 15. What is j(8)?
-33
Let j(s) = s**2 + 7*s - 105. Give j(8).
15
Let v(b) = 11*b + 26. Calculate v(-11).
-95
Let q(b) = -b**3 + 14*b**2 - 6*b + 21. Give q(14).
-63
Let z(a) = -3*a**2 + a - 7. Give z(3).
-31
Let y(g) = -4*g**3 - 3*g**2 + 3*g - 3. Determine y(2).
-41
Let i(u) = u**3 - 6*u**2 + 10*u - 17. Calculate i(5).
8
Let n(p) = -8*p - 2. Give n(-2).
14
Let f(o) = -o + 13. What is f(9)?
4
Let n(o) = -o**3 + 16*o**2 + 16*o. Determine n(17).
-17
Let p(c) = -3*c**2 + 2*c + 14. Determine p(3).
-7
Let t(o) = -o**2 - 4*o - 11. Calculate t(-5).
-16
Let q(x) = -4*x + 17. What is q(6)?
-7
Let r(m) = m**3 + 6*m**2 + 4*m - 8. Calculate r(-4).
8
Let z(o) = -9*o. Give z(-2).
18
Let f(l) = -l**2 + 7*l - 1. Give f(3).
11
Let q(s) = -s**3 - 13*s**2 - 11*s + 3. Calculate q(-12).
-9
Let n(q) = 3*q + 2. Determine n(10).
32
Let s(j) = -j**2 + 15*j + 17. What is s(16)?
1
Let k(s) = s**3 + 13*s**2 + 2*s + 14. Determine k(-13).
-12
Let w(x) = 230*x + 916. What is w(-4)?
-4
Let c(m) = m**2 - 70. What is c(10)?
30
Let k(w) = w**2 - 5*w - 5. Determine k(8).
19
Let h(u) = u**2 - 6*u - 3. Determine h(5).
-8
Let j(b) = b**3 - 44*b - 5. Determine j(-7).
-40
Let s(a) = 2*a. Give s(8).
16
Let b(m) = 11*m + 59. What is b(-6)?
-7
Let i(p) = -32*p + 7. Calculate i(2).
-57
Let s(b) = 2*b**2 + 14*b + 51. Give s(-7).
51
Let j(i) = 12*i - 101. What is j(11)?
31
Let c(o) = -o**3 + 13*o**2 - 20*o - 3. Calculate c(11).
19
Let v(r) = r**3 - 10. Calculate v(0).
-10
Let f(d) = d**3 + 15*d**2 - 16*d + 3. What is f(-16)?
3
Let h(k) = k**3 + 47*k**2 + 2*k + 98. Give h(-47).
4
Let d(l) = -l**2 + 5*l + 36. Calculate d(9).
0
Let d(z) = z**2 - 5*z + 3. Give d(6).
9
Let o(h) = 2*h - 31. What is o(15)?
-1
Let a(p) = 2*p + 112. What is a(-56)?
0
Let b(g) = g + 1. Give b(5).
6
Let o(k) = -2*k**2 - 47*k - 115. Calculate o(-20).
25
Let j(a) = -5*a**2 - 101*a - 13. Give j(-20).
7
Let j(m) = m**2 - 6*m - 72. Calculate j(12).
0
Let d(k) = k**3 - 3*k**2 - 2*k + 1. Give d(3).
-5
Let f(q) = 5*q**3 + 3*q**2 + q. Determine f(-2).
-30
Let p(s) = -13*s + 18. Calculate p(1).
5
Let u(c) = -c + 18. Give u(-9).
27
Let u(g) = g**3 - 9*g**2 + 13*g - 1. Give u(7).
-8
Let s(y) = -2*y**2 - 7*y + 8. Determine s(1).
-1
Let d(b) = -b + 18. Give d(12).
6
Let m(n) = 69*n + 1. Determine m(-1).
-68
Let n(k) = 34*k. Determine n(-1).
-34
Let k(r) = 41*r - 344. Give k(8).
-16
Let j(p) = -p**3 - 5*p**2 - p + 4. What is j(-5)?
9
Let d(j) = -3*j**2 - 65*j + 14. Calculate d(-22).
-8
Let h(m) = -3*m - 2. Determine h(1).
-5
Let b(w) = -5*w**2 + 6*w - 9. What is b(2)?
-17
Let p(o) = 2*o**3 - 7*o**2 - 6*o + 1. What is p(4)?
-7
Let c(k) = k**2 - 10*k + 2. Calculate c(8).
-14
Let a(n) = -3*n - 5. Give a(-12).
31
Let g(a) = a**3 - 17*a**2 + 3*a - 20. Calculate g(17).
31
Let f(n) = n**2 + 29*n + 116. Calculate f(-5).
-4
Let m(a) = -a**3 - 13*a**2 - 15*a + 2. What is m(-12)?
38
Let v(b) = -5*b**2 - 3*b + 4. What is v(1)?
-4
Let i(z) = -2*z**3 + 11*z**2 + 2*z - 1. Give i(5).
34
Let v(n) = n**2 + 13*n - 48. Determine v(-16).
0
Let s(p) = p**2 + 9*p - 38. Determine s(-12).
-2
Let s(q) = -q**3 + 26*q**2 - 27*q + 42. Calculate s(25).
-8
Let l(t) = t**2 - 57*t - 163. Determine l(60).
17
Let y(s) = -3*s**2 - 3*s + 3. Determine y(-3).
-15
Let t(m) = m**2 - 15*m + 55. Give t(10).
5
Let x(v) = 12*v**2 + 59*v + 2. What is x(-5)?
7
Let r(n) = -4*n**2 - 13*n - 28. Give r(-7).
-133
Let f(o) = 24*o - 92. What is f(4)?
4
Let o(n) = 2*n**3 - 5*n**2 + 3*n - 7. Give o(3).
11
Let r(z) = z**2 + z - 16. What is r(-7)?
26
Let q(t) = -t**3 - 9*t**2 + 10*t + 7. Calculate q(-10).
7
Let z(b) = -b + 23. What is z(11)?
12
Let p(g) = g**3 - 10*g**2 + 8*g - 10. What is p(9)?
-19
Let i(h) = -2*h**3 + h**2 - 10. What is i(-4)?
134
Let s(p) = -2*p**2 + 32*p + 28. What is s(17)?
-6
Let l(r) = -127*r**3 - r**2 + 3*r - 1. Determine l(1).
-126
Let a(r) = -17*r**2 - 6*r - 1. Calculate a(-1).
-12
Let d(a) = -4*a**2 - 36*a - 64. Give d(-2).
-8
Let a(b) = b**3 - 6*b**2 - 23*b + 114. Calculate a(7).
2
Let t(q) = 7*q**3 + 3*q**2 - 5*q + 7. Determine t(2).
65
Let h(a) = -a**3 - a**2 - 10. What is h(0)?
-10
Let y(z) = -z**3 + 19*z**2 - 17*z - 16. Calculate y(18).
2
Let y(j) = j**2 + 4*j + 13. Give y(0).
13
Let d(b) = b**3 - 7*b**2 + 6*b + 14. Give d(6).
14
Let m(u) = -u**2 + 9*u + 6. What is m(8)?
14
Let j(h) = -4*h - 8. Calculate j(-4).
8
Let o(l) = l**2 - 14*l + 27. Calculate o(10).
-13
Let c(q) = -14*q - 45. What is c(-3)?
-3
Let b(j) = -j**2 + 19*j + 23. Calculate b(16).
71
Let m(y) = y**2 - 7*y - 19. Calculate m(9).
-1
Let c(t) = -t**3 - 5*t**2 - 3*t. Determine c(-5).
15
Let a(g) = -8*g - 156. Calculate a(-18).
-12
Let p(g) = g**2 - 18*g + 29. What is p(7)?
-48
Let l(u) = -u**3 + u**2 + 7*u - 8. Determine l(4).
-28
Let h(t) = 6*t + 12. Give h(-3).
-6
Let b(k) = k**3 - 7*k**2 - 3*k. Give b(7).
-21
Let y(f) = f**2 - 6*f + 11. Calculate y(10).
51
Let m(t) = 5*t + 19. What is m(0)?
19
Let l(u) = 65*u**3 + u - 1. Determine l(1).
65
Let r(l) = -2*l**2 - 7*l. Determine r(-6).
-30
Let h(g) = -15*g**2 - g - 1. Give h(-1).
-15
Let z(c) = c**3 - 9*c**2 + 13*c + 13. Give z(8).
53
Let p(l) = -2*l**3 + 30*l**2 + 3*l - 42. Calculate p(15).
3
Let h(d) = 11*d + 96. Give h(-9).
-3
Let y(k) = -k**3 + k**2 + 8*k - 12. Calculate y(3).
-6
Let h(r) = 5*r - 17. What is h(2)?
-7
Let o(g) = -2*g + 22. Calculate o(-5).
32
Let l(k) = 2*k**2 - 21*k - 19. Determine l(11).
-8
Let h(r) = -r**3 + 6*r**2 + 8*r + 8. Give h(7).
15
Let y(m) = m**3 + 12*m**2 - 12*m + 8. Give y(-13).
-5
Let x(c) = -15*c + 41. Determine x(3).
-4
Let h(o) = -18*o + 2. Calculate h(-4).
74
Let q(c) = -4*c**2 - 43*c + 17. Determine q(-11).
6
Let i(r) = -r**2 - 17*r + 12. Determine i(-17).
12
Let p(h) = 2*h**2 + 37*h + 138. What is p(-13)?
-5
Let r(g) = -6*g - 3. What is r(-1)?
3
Let k(b) = b**2 - 6*b - 12. Calculate k(6).
-12
Let q(y) = -33*y + 202. What is q(6)?
4
Let n(h) = -4*h + 42. What is n(12)?
-6
Let s(u) = -9*u**2 + 7*u + 7. Determine s(-1).
-9
Let f(y) = -2*y + 3. What is f(4)?
-5
Let s(w) = -3*w**2 + 2*w - 2. Determine s(2).
-10
Let a(f) = 2*f**2 + 2*f +